Let p = c - -83. What is the greatest common divisor of p and u?
4
Suppose 2*x + 0*x = -22. Let t = x + 16. What is the greatest common divisor of t and 45?
5
Let u = 2 - 2. Suppose 4*n - 156 - 128 = w, u = -5*n - 3*w + 338. Calculate the highest common factor of 7 and n.
7
Suppose 3*p = 48 + 30. Let s(t) = -12*t + 5. Let z be s(-5). Calculate the highest common factor of z and p.
13
Suppose 4*o - 6*o = 20. Let z = 26 - o. Let n = -23 + 35. Calculate the highest common divisor of n and z.
12
Let u(d) = 8*d**3 - 3*d**2 - 4*d - 1. Let m = -3 - -6. Suppose -2*s - b = -m, 2*b = -9 + 3. Let v be u(s). What is the greatest common divisor of v and 16?
16
Suppose s - 2*a = 6, 0 = -4*s - 0*a - 3*a + 79. Let w be (24/(-5))/(12/(-40)). Calculate the greatest common factor of w and s.
16
Suppose 21 = t + 10. Calculate the highest common factor of 121 and t.
11
Let v = -5 - -7. What is the highest common divisor of 1 and v?
1
Let f(i) = -i**2 - 5*i - 2. Let m be f(-4). Let d be (-1 + m)/((-2)/(-6)). Suppose 0 = 2*x + d*x - 60. Calculate the greatest common divisor of x and 12.
12
Let y = 68 - -58. What is the greatest common factor of 14 and y?
14
Suppose 4*m + 69 = 3*f + 22, 0 = 3*f - 2*m - 55. Suppose 0 = -0*d - d - 13. Let k = f + d. Calculate the highest common divisor of k and 64.
8
Suppose p + 4 = 6. Suppose 0 = 4*w - 4*y - 160, p*w + 5*y = 3*w - 32. Suppose 56 = z + z. Calculate the highest common divisor of z and w.
14
Let j(k) = -k**3 + 12*k**2 + 16*k - 4. Let a be j(13). What is the greatest common divisor of a and 10?
5
Suppose 22 = 4*f - 30. Suppose -2*g + 44 + 8 = 0. Let q = g - f. Calculate the greatest common factor of 65 and q.
13
Let m(u) = 2*u**2 - 5*u + 1. Let o be m(-5). Suppose -z = -14 - 5. What is the greatest common factor of z and o?
19
Let a(u) = u**2 - u. Let h be 7*(-1)/(2/(-2)). Let v be a(h). Calculate the greatest common factor of v and 6.
6
Suppose -f = 4*f + 15, -27 = -3*o + 4*f. Calculate the highest common factor of 1 and o.
1
Suppose 7*n - 44 = 61. Calculate the highest common factor of n and 3.
3
Suppose 355 = 5*x - 5*l, 2*x - 4*l - 38 = 96. Suppose 4*r - 4*n - 124 = 0, -6*n + n = 5*r - 145. What is the highest common divisor of x and r?
15
Let s(a) = -2*a - 2. Let g be s(-4). Let c be -6*(2 + (-9)/6). Let r be 1/c*-3 - -29. Calculate the greatest common divisor of g and r.
6
Let u(r) = r**2 - 7*r - 7. Let b(h) = h + 18. Let a be b(-8). Let q be u(a). What is the highest common divisor of q and 253?
23
Let o = -48 + 54. What is the highest common divisor of o and 16?
2
Let r = 33 - 11. Calculate the greatest common factor of r and 110.
22
Suppose 2*k - 3*h - 57 = 0, h + h = 2. What is the greatest common divisor of k and 75?
15
Let f = 22 + -13. Let l = 1 + -3. Let s be -22*(l - 10/4). Calculate the greatest common divisor of s and f.
9
Let i = 5 - 2. Let z = -12 + 16. Let p be (-3)/(-2)*z/3. What is the greatest common divisor of i and p?
1
Suppose 0*s - 4*g = -2*s + 48, 3*s - 62 = g. What is the highest common divisor of s and 5?
5
Let d(x) = x**3 + 6*x**2 - x + 3. Let c be d(-6). Let f(p) = 7*p - 4*p**2 + 3*p**2 - p - c + 3. Let y be f(4). What is the greatest common factor of 22 and y?
2
Let a be 12 + -4*(-4)/16. Suppose 4*n = -4*s + 20, -2*s - a = -3*n - 6*s. Let z be ((-10)/8)/(1/(-28)). What is the greatest common divisor of z and n?
7
Let i be 3/12 - 198/(-8). Calculate the greatest common factor of i and 10.
5
Let z = -124 + 234. What is the greatest common factor of 10 and z?
10
Let t = 3 - 0. Suppose -2*c = -z + 3*c, -4*z = t*c - 46. Let l = z + 3. What is the highest common divisor of 13 and l?
13
Suppose 56 = 4*q - 4*o + 8*o, -5*o = -q + 38. What is the greatest common divisor of q and 2?
2
Let h = -64 - -75. Calculate the highest common factor of 77 and h.
11
Let t = 24 - 0. What is the highest common factor of t and 40?
8
Let k be 9*4/3 - -1. Calculate the greatest common divisor of k and 52.
13
Let y be (0 - -4)*(-147)/(-14). Suppose 0*q + y = 3*q. Let b be q/1 + 10/(-5). What is the highest common factor of 12 and b?
12
Suppose -5*g + 158 + 1657 = 0. What is the highest common factor of g and 33?
33
Let a(z) = z + 6. Let x be a(6). Let p(v) = -9*v - 3. Let i be p(-3). What is the greatest common factor of i and x?
12
Suppose 0*i + i = 5*u - 16, 6 = 3*i + 3*u. Let h be 1 + (25 - 2) - i. Calculate the greatest common factor of 5 and h.
5
Let n be ((-3)/2)/(10/(-100)). Let a be 30/(-4)*6/(-9). What is the highest common divisor of a and n?
5
Suppose 0 = -4*x + 2*t + 218, x - 3*t - 159 = -2*x. What is the highest common factor of 8 and x?
8
Let o(u) = -u**3 - 5*u**2 - 3*u - 5. Suppose 0*m + 2*m + 8 = 0. Let k be o(m). Let r = k + 22. What is the highest common factor of r and 39?
13
Suppose -l + 4*x + 21 = 0, 2*l - 4*x - 14 = 24. What is the greatest common divisor of 153 and l?
17
Let z be (10/4)/(1/2). Calculate the highest common factor of z and 1.
1
Let z be ((-7)/21)/(1/(-12)). Let t(y) = -2*y - 8. Let g be t(-6). Calculate the greatest common factor of z and g.
4
Let l be 959/6 - 2/(-12). Calculate the highest common divisor of l and 64.
32
Suppose -2*p - 104 = -5*z, 2*z - 4*z + 4*p + 48 = 0. Calculate the highest common divisor of 80 and z.
20
Let i(o) = -o**2 + 6*o + 6. Let d be i(6). Let y(t) = t**2 + 6*t - 1. Let h be y(-4). Let m be 105/9 + d/h. What is the highest common factor of 99 and m?
11
Suppose 2*a - 9 - 7 = 0. Let p = 26 - a. Calculate the greatest common divisor of 2 and p.
2
Suppose -a = -6*a + 385. What is the highest common factor of 7 and a?
7
Let v be (8 + 2)*(-4)/(-10). Suppose 0 = -3*u + u - v. Let r be u/(-3)*42 - 2. Calculate the highest common divisor of 39 and r.
13
Suppose -3*r = -4*v - 0 - 11, -12 = -3*r + 3*v. Let c(g) = 18*g + 5. Let h be c(r). Calculate the greatest common divisor of 38 and h.
19
Suppose 3*s - 5 - 13 = 0. Let g(n) = n**3 - 7*n**2 + 9*n. Let d be g(s). Let y = -63 + 207. What is the highest common divisor of y and d?
18
Let w be (-48)/(-20) + 4/(-10). Let o = 4 - w. Suppose 10 = o*p, 3*p + 2*p = -4*z + 89. Calculate the greatest common divisor of 128 and z.
16
Let z = -18 + 32. Let d(r) = -r**3 + r**2 + r + 2. Let p be d(-3). Calculate the highest common factor of z and p.
7
Let c = -14 + 21. What is the greatest common divisor of 63 and c?
7
Let w be ((-4)/(-3))/((-6)/(-18)). Suppose -2*h - r + 14 = -6, -4*h = w*r - 36. Calculate the highest common divisor of 99 and h.
11
Suppose 0 = -5*w + 9 + 11. Suppose w*m = -5*q + 40, 0 = q + 4*m + m + 13. What is the highest common factor of 6 and q?
6
Let x = -10 + 13. Let d be 3/x*3 - -9. Suppose -5*y + 16 = -4. What is the greatest common divisor of d and y?
4
Let t be ((-4)/(-6)*-5)/(108/(-810)). What is the greatest common divisor of 25 and t?
25
Suppose 6*z - 150 = z. Let w(s) = -s**2 - 6*s + 6. Let r be (-6 + 7)*3*-2. Let l be w(r). What is the highest common divisor of z and l?
6
Let a(m) = 6*m + 3*m**2 + 4 - 8*m - 2. Let d be a(6). What is the greatest common divisor of d and 14?
14
Let p = 143 + -131. What is the greatest common factor of p and 36?
12
Suppose 7*i - 19 = 51. Calculate the highest common divisor of i and 50.
10
Let k be (-3 - -2) + (-9)/3. Let o be (-397)/k + 10/(-40). Calculate the greatest common divisor of o and 9.
9
Let v = -40 - -45. Calculate the greatest common divisor of 35 and v.
5
Let l = 31 - 10. Suppose 4*i - i - l = 0. Suppose 0 = 2*q - 5*q + 147. What is the greatest common factor of q and i?
7
Let x be (-285)/(-5)*(-8)/(-6). Suppose 8 = 6*m - x. Calculate the highest common divisor of m and 98.
14
Suppose 3*i = -5*m + 14, -5*m + 6 - 1 = 0. Suppose i*r = -f, -3*f - 4*r - 38 = -8*f. What is the greatest common factor of f and 48?
6
Suppose 0 = 3*s - q - 196, -4*s - 2*q = -0*s - 258. Suppose -5*z - 20 = 0, 116 = 4*y + 4*z - 7*z. What is the greatest common divisor of y and s?
13
Let n(k) = 13*k**2 - k. Let s = -2 + 3. Let r = s - 2. Let q be n(r). Calculate the highest common factor of q and 35.
7
Suppose 27 = 2*x - 1. Suppose 8 = f - 0*f + 5*a, 3*f - 5*a = 104. Calculate the highest common divisor of f and x.
14
Suppose -56 = -0*c - 4*c - 4*n, 2*c - 4*n - 52 = 0. What is the greatest common divisor of c and 27?
9
Suppose 19*q - 5*q = 1218. Calculate the highest common divi